34.
18
Let c = -2151 - -2916. Suppose 23*o - 10*o = 2210. Calculate the highest common divisor of o and c.
85
Let c be -4*291/(-36) - 7/126*6. What is the greatest common factor of 904 and c?
8
Let b = -4880 + 4942. What is the greatest common divisor of b and 3658?
62
Let q(h) = h + 2 + 5*h + 0*h + 0*h. Let c be q(5). Let v = 10047 - 10043. Calculate the greatest common factor of v and c.
4
Let i = 12427 + -5847. Calculate the highest common divisor of 70 and i.
70
Let r be -2*(-5)/(-10)*-21. Let w be (2 - (0 + -1))*14/r. Suppose -5*t = -w*h - 508, 8*t - 416 = 4*t + 4*h. Calculate the greatest common factor of t and 20.
20
Suppose 0 = -x + 2*c + 3*c + 93, 239 = 3*x - 5*c. Suppose -8*k + x + 7 = 0. Calculate the highest common factor of 4 and k.
2
Let a = -154 - -156. Suppose 8*y + 66 = 4*t + 10*y, -3*t + a*y = -39. Calculate the highest common divisor of t and 165.
15
Let f be (-36)/(-6) + (-1)/((-1)/(-8)). Let i be 328 + f + (4 - (2 - -4)). Calculate the highest common factor of 12 and i.
12
Let d be -1 + (-14)/21*-21. Suppose 0 = -2*t + 10*n - 15*n + 401, -t - 3*n + 199 = 0. What is the highest common divisor of d and t?
13
Suppose 2*m + 8 = 0, 2*m = 5*d - 0*m - 253. Let f(z) = 64*z + 1362. Let j be f(-20). Let v = j - d. What is the highest common factor of 11 and v?
11
Suppose 2*c - 7*y = -4*y + 250, 3*c + 2*y = 375. What is the greatest common factor of c and 4?
1
Let d(o) = 2*o**2 - 98*o - 94. Let m be d(50). Suppose 5*r = -2*b + m*r + 55, -b + 38 = -4*r. Calculate the highest common factor of b and 962.
26
Let t = 5781 + -4186. Calculate the greatest common factor of 55 and t.
55
Let f = -74 + 57. Let b = 19 + f. Let v(h) = 2*h**3 + h**2 - 3*h. Let p be v(b). What is the highest common divisor of p and 112?
14
Let j be (6 - -11) + 6/(-3). Suppose -2*l = -j - 21. Suppose l*a = 17*a + 2. What is the greatest common divisor of a and 2?
2
Let x = 4214 - 4037. What is the greatest common factor of 9 and x?
3
Let s = -402 + 402. Suppose s = -17*o + 713 + 1123. Calculate the greatest common factor of 72 and o.
36
Let h(a) = 53*a + 249. Let y be h(-4). Calculate the greatest common divisor of y and 19.
1
Suppose 162*d - 4008 = 7008. Suppose 5*x + 3*w = 510, -x = -w - 67 - 35. What is the highest common divisor of d and x?
34
Let a(y) = -y**3 - 5 + 10*y**2 + 5 + 2 - 9*y. Let k be a(6). Let t be 38624/168 + (-5420)/420 + 13. Calculate the greatest common divisor of k and t.
46
Suppose 40*v + 2153 = 2626 + 20807. What is the greatest common factor of 4123 and v?
133
Suppose -2916 = -18*p + 859 + 16115. What is the highest common factor of 425 and p?
85
Let h = 136 - 71. Let q = 69 - h. Suppose -3*a - 4*y = -0 - 112, 208 = 5*a - q*y. What is the greatest common factor of a and 32?
8
Let d be (-56)/40 + 13340/100. Calculate the greatest common factor of 4796 and d.
44
Let g = 192 + -188. Let y be 9/18*(-2 - -26). Suppose y = 5*c - 3. Calculate the greatest common factor of g and c.
1
Suppose t + 4*u + 162 = 0, t + 3*u - 1 + 165 = 0. Let i = t - -176. What is the greatest common divisor of 72 and i?
6
Let m(z) = z**3 + 3*z**2 - 4*z - 2. Let y be m(2). Let r(v) = -8*v + 2. Let l be r(-6). What is the highest common factor of l and y?
10
Let w(g) = 20*g**2 - 364*g + 51. Let t be w(23). What is the highest common divisor of 1255 and t?
251
Let c = 34 + 152. Suppose -2*t + 66 = p - 25, 3*p - 276 = -3*t. What is the highest common divisor of c and p?
93
Suppose -100*z + 228 = -10*z + 48. Let x be 15 - 0 - (6 - 8). Let g = x - 7. What is the greatest common divisor of g and z?
2
Let l = -24935 - -28807. What is the highest common divisor of 605 and l?
121
Let w = 5 - 3. Let j(m) = 16*m + 166. Let u be j(-11). Let s be (u/15)/(2/(-12)). Calculate the highest common divisor of s and w.
2
Let d = -36 - -55. Suppose -37 = -8*v + 35. Let z be 375/(v + -4) - -1. What is the greatest common factor of d and z?
19
Let q(p) = 5*p + 1. Suppose 2*c + 217 = 157. Let f be (-75)/c*(-4)/(-5). Let m be q(f). Calculate the greatest common factor of 88 and m.
11
Let p(r) = -3*r**2 + r + 1. Let l be p(-2). Let w be (-50)/l + 20/130. Let z = 309 - 305. Calculate the greatest common factor of w and z.
4
Let l be 20/10 - ((-16)/4 - 2). Let h(o) = -7 + 16*o**2 - 7*o**2 - 11 - 2*o**3 - 5*o + o**3. Let r be h(l). What is the greatest common divisor of 6 and r?
6
Suppose -840 = 397*y - 399*y + 5*g, 5*g = -3*y + 1185. What is the greatest common divisor of y and 10?
5
Suppose -2*k + 757 = -i, -3*i = -2*k - 4*i + 755. Suppose 79*q = 47*q + 3456. What is the highest common divisor of q and k?
54
Let t = -48 - -108. Let r = t - 50. Suppose 3*w + 2*w = r. What is the highest common factor of 1 and w?
1
Let h = 800 - -2257. What is the highest common factor of h and 3?
3
Let h(z) = -z**2 + 6*z + 16. Let u = -94 + 96. Suppose 0 = -3*b + 4*b - 3*v + 8, -10 = -u*v. Let x be h(b). What is the greatest common divisor of 9 and x?
9
Let f(k) = 5*k**3 + 3*k**2 + k + 2. Let r be f(2). Calculate the highest common divisor of 658 and r.
14
Let a be (-4494)/(-161) + -5*(-2)/115. What is the highest common factor of a and 3500?
28
Let q be 8/48*-177*-2 + (-10)/(-2). Let d(j) = 7*j**2 + 3*j - 2. Let v be d(2). Calculate the highest common factor of q and v.
32
Let w(b) = 12*b - 7. Let o(k) = -7*k + 4. Let a(x) = 10*o(x) + 6*w(x). Let i be a(19). What is the highest common factor of i and 30?
6
Let f(v) = -v**3 - 17*v**2 - 4*v - 23. Let b(t) = -t**2 + t - 3. Let n(i) = 3*b(i) - f(i). Let d be n(-7). Calculate the greatest common factor of 22 and d.
22
Let t(c) = -c**2 - 22*c - 12. Let n be t(-23). Let u = n - -64. Suppose -78 + u = -7*p. Calculate the greatest common divisor of 1 and p.
1
Let p(a) = -a**2 - 21*a + 24. Let d be p(-21). Let k(o) = -9*o + 1 + 2 + o**2 - 9 + 2*o. Let l be k(-11). Calculate the highest common factor of d and l.
24
Suppose 58*g - 115*g + 55*g = 0. Suppose 0*r - 6 = 2*r, g = -4*n - 3*r + 87. What is the highest common divisor of 528 and n?
24
Suppose -5*l + 7*a + 4345 = 0, -102*a - 869 = -l - 101*a. Calculate the highest common divisor of 209 and l.
11
Suppose a + 3*t = 21251, 55*t - 51*t = -3*a + 63748. What is the greatest common factor of a and 32?
32
Suppose -109 + 69 = -5*w. Suppose 0 = -w*z + z + 175. Let v = z - -55. What is the highest common factor of 20 and v?
20
Suppose -2*v = -3*k - 3116, -14*v + k + 3116 = -12*v. What is the greatest common divisor of 76 and v?
38
Let u = -13 - -8. Let f(d) be the second derivative of -d**3 - 15*d**2/2 - 2*d. Let w be f(u). What is the greatest common factor of w and 5?
5
Let k(w) = w**3 - 8*w**2 + 5*w + 16. Let a be k(7). Let x be -6 - (-63 + a)*1. What is the greatest common factor of 275 and x?
55
Suppose 15*s = -28*s - 2143 + 6099. What is the highest common divisor of s and 69?
23
Suppose 16*t - g = 11*t + 801, 4*t - 5*g = 645. Let r be 2 - -66 - (2*2 + 0). What is the highest common divisor of r and t?
32
Suppose 5*w + 5*x = 85, -88 = -4*w - 2*x + 3*x. Suppose 20*f - 5*l = w*f - 112, 0 = 3*f - 3*l - 264. Calculate the highest common factor of f and 4.
4
Let x(k) = k + 9*k - 4 + 17*k + 5 - 30. Let j be x(7). Suppose 5*t = 6*t - 20. What is the greatest common divisor of j and t?
20
Let n(r) = -2*r + 31. Suppose -2*j = 3*j - 70. Let d be n(j). Suppose -4*y = -5*q - 49, 13 - 38 = 5*q. Calculate the highest common divisor of y and d.
3
Let t be (-12)/18 - (-32)/12. Suppose -4*i - t*i = 24. Let f = i - -64. What is the greatest common factor of f and 24?
12
Suppose 138*o - 133*o = 20. Suppose o*u + r - 1999 = 1916, -4*u - 4*r = -3900. What is the greatest common divisor of u and 20?
20
Let n(m) = m**3 + 4*m**2 + 4*m - 3. Let l be n(0). Let u be (l/((-15)/(-65)))/((-7)/63). What is the greatest common divisor of u and 78?
39
Suppose -76*p + 117 = -72*p - 5*c, 7*c = 21. What is the highest common divisor of p and 11?
11
Let u(v) = 40*v + 641. Let a be u(-11). Calculate the greatest common factor of 111 and a.
3
Let d = -32 - -68. Let x(k) = -k**2 - 9*k + 52. Let c be x(-13). Suppose -5*p + 12 - 2 = c, -98 = -4*u - p. Calculate the greatest common factor of d and u.
12
Let b be -5*(0 + (-2)/10). Let g be ((-2)/(-8))/(b/12). Suppose c - 2*i = 3*c - 20, -g*c - 5*i + 40 = 0. What is the highest common divisor of c and 40?
5
Suppo